{"id":52,"date":"2022-09-06T23:21:10","date_gmt":"2022-09-06T23:21:10","guid":{"rendered":"http:\/\/tonfraedi.is\/?page_id=52"},"modified":"2023-09-23T12:32:43","modified_gmt":"2023-09-23T12:32:43","slug":"hljodfaerafjolskyldur","status":"publish","type":"page","link":"https:\/\/tonfraedi.is\/index.php\/hljodfaerafjolskyldur\/","title":{"rendered":"Hlj\u00f3\u00f0f\u00e6rafj\u00f6lskyldur"},"content":{"rendered":"\n<div align=\"center\" id=\"liveworksheet2936033\" style=\"width:100%\">\n<span id=\"lwslink2936033\"><font face=\"Arial\" size=\"2\"><\/font><\/span><font face=\"Arial\" size=\"2\">\n<\/font><\/div><font face=\"Arial\" size=\"2\">\n<script src=\"https:\/\/files.liveworksheets.com\/embed\/embed.js\"><\/script>\n<script language=\"javascript\">\nloadliveworksheet(2936033,'dvbtcptr',1413,'www',3327609);\n<\/script><\/font>\n\n\n\n<p><a href=\"https:\/\/tonfraedi.is\/index.php\/hljodfaerafjolskyldur\/\">Reyna aftur<\/a><\/p>\n","protected":false},"excerpt":{"rendered":"<p>Reyna aftur<\/p>\n","protected":false},"author":1,"featured_media":0,"parent":0,"menu_order":0,"comment_status":"closed","ping_status":"closed","template":"elementor_theme","meta":{"footnotes":""},"class_list":["post-52","page","type-page","status-publish","hentry"],"_links":{"self":[{"href":"https:\/\/tonfraedi.is\/index.php\/wp-json\/wp\/v2\/pages\/52","targetHints":{"allow":["GET"]}}],"collection":[{"href":"https:\/\/tonfraedi.is\/index.php\/wp-json\/wp\/v2\/pages"}],"about":[{"href":"https:\/\/tonfraedi.is\/index.php\/wp-json\/wp\/v2\/types\/page"}],"author":[{"embeddable":true,"href":"https:\/\/tonfraedi.is\/index.php\/wp-json\/wp\/v2\/users\/1"}],"replies":[{"embeddable":true,"href":"https:\/\/tonfraedi.is\/index.php\/wp-json\/wp\/v2\/comments?post=52"}],"version-history":[{"count":7,"href":"https:\/\/tonfraedi.is\/index.php\/wp-json\/wp\/v2\/pages\/52\/revisions"}],"predecessor-version":[{"id":3892,"href":"https:\/\/tonfraedi.is\/index.php\/wp-json\/wp\/v2\/pages\/52\/revisions\/3892"}],"wp:attachment":[{"href":"https:\/\/tonfraedi.is\/index.php\/wp-json\/wp\/v2\/media?parent=52"}],"curies":[{"name":"wp","href":"https:\/\/api.w.org\/{rel}","templated":true}]}}